Calculate the remainder when 190 is divided by o.
77
Suppose v - 96 = -3*l, 506 = 5*v + 2*l - 0*l. Let p = 98 - v. Calculate the remainder when p/38 + 37246/418 is divided by 30.
29
Suppose -g = 5*c - 7 + 6, -3*c - 4 = -4*g. Suppose 2*n - 4*w + w = 47, c = -5*n + 4*w + 114. What is the remainder when 372 is divided by n?
20
What is the remainder when 938 is divided by (396/(-54) + 8 + -2)*-1*102?
122
Let s(q) = 64*q + 52. Let b be s(6). What is the remainder when 108 is divided by b/18 + (-100)/450?
12
What is the remainder when 19/(-342)*12*-1083 is divided by 387?
335
Calculate the remainder when 2391 is divided by (-166)/(-8) + (10 - 429/44) - 3.
15
Let a(i) = i**3 - 97*i**2 - 119*i + 2086. What is the remainder when 798 is divided by a(98)?
14
Let b = 105 - 102. Suppose 3*t - b - 9 = 0. Suppose -5*q + 0*q + u = -31, -3*q = t*u - 14. What is the remainder when 34 is divided by q?
4
Suppose 0 = 8*g + 6397 + 2771. Calculate the remainder when 112 is divided by g/(-126) - 4/42.
4
Let c(b) be the first derivative of b**3/3 - 7*b**2/2 + 23*b - 6. What is the remainder when 23 is divided by c(3)?
1
Let l = 160 + -121. Let p(n) = -n**2 - 7*n + 6. Let r be p(-6). Suppose r*g - 9*g = 24. What is the remainder when l is divided by g?
7
Suppose -1 = -3*u + 50. What is the remainder when (7 - (-184)/(-24))/(2/(-204)) is divided by u?
0
Let c(f) = f**3 + 6*f**2 - f + 13. Suppose -4*h - 20 = -2*p + 74, 5*p - h = 244. Suppose p = 4*y - 79. Calculate the remainder when c(3) is divided by y.
27
Let r(c) = -5*c**3 - c**2 + 2. Let a be r(2). Let s = a - -44. Suppose -s = -3*z + 1, -5*p + 2*z + 88 = 0. What is the remainder when 27 is divided by p?
9
Let y = -243 + 235. Let a = 66 - 18. What is the remainder when a is divided by 3/((-12)/y) + 8?
8
Let i(q) = q**3 + 5*q**2 + 4*q - 16. Let h be i(-4). Let r(w) = 3*w + 56. What is the remainder when 2*-1*29/(-2) is divided by r(h)?
5
Suppose k = 4*t - 9941, 8*t + 3*k - 19903 = 2*k. Calculate the remainder when t is divided by 311.
310
Suppose 882 = 86*l - 84*l - 4*i, 3*i = -2*l + 847. What is the remainder when l is divided by 65?
41
Let f = 137 - 105. Calculate the remainder when 191 is divided by f.
31
Suppose -6 = 4*t - 14. Suppose -y = 2*p - 152, 2*p + 152 = 3*y - t*y. Let w = y - 124. Calculate the remainder when 167 is divided by w.
27
Suppose 2*k - 43 = -2*n + 11, 0 = -4*k + 5*n + 72. Let m(o) = -1016*o + 3133. What is the remainder when m(3) is divided by k?
16
Let p = 18 + -4. Suppose 5*c = 3*l + 103, -p - 6 = -5*l. Calculate the remainder when 103 is divided by c.
11
Suppose -208 = 7*c + 289. Let m = c - 9. Let p = m - -85. Calculate the remainder when 9 is divided by p.
4
Let c = -502 - -529. Suppose -2*b + c = 5*f, 99 = 22*b - 18*b - 5*f. Let s = -68 + 145. What is the remainder when s is divided by b?
14
What is the remainder when 40/6*1070562/1130 is divided by 117?
115
Suppose -5*x - 5*a = -530 + 75, -a + 370 = 4*x. Let i = 187 - x. Calculate the remainder when i is divided by (-388)/(-16) - (-2)/(-8).
22
Let t(b) = -5*b - 45. Let f be t(-9). Suppose -4*n + f*n = -4. What is the remainder when n is divided by (0 + 1 - -1) + -1?
0
Suppose 2*a + 2*c - 26 = 0, 0 = 3*a - a + 3*c - 23. Let t be (6/4)/(1/a). Suppose -4 = 5*g - t. Calculate the remainder when 4 is divided by g.
0
Let m(o) = o**2 + 24*o - 268. Calculate the remainder when m(9) is divided by 86/7 + (-8)/28.
5
Suppose 5*i + t = 143, 56 = 2*i - t + 3. Suppose 17*w - 201 = 700. What is the remainder when w is divided by i?
25
Suppose 2*v = -2*j + v + 89, -4*j - 5*v = -187. Suppose 32*c = j*c - 1837. What is the remainder when c is divided by 42?
41
Let l(p) = 34*p - 29. Let g(c) = 2*c**2 + 20*c + 22. Let d be g(-9). Calculate the remainder when l(d) is divided by 22.
19
Let a(p) = 306*p + 60. What is the remainder when 2696 is divided by a(0)?
56
Let o = 60883 + -60736. Suppose -43 + 10 = -y. Calculate the remainder when o is divided by y.
15
Let c(q) = 12*q**2 - 15*q + 158. What is the remainder when c(-11) is divided by 68?
7
Let m = -12581 + 13459. Calculate the remainder when 2645 is divided by m.
11
Let j be (0/2 + (-8460)/(-27))*-3. Let p = 969 + j. Calculate the remainder when 171 is divided by p.
26
Let s(h) = h**2 + h - 45. Let n(y) = 110*y**2 - 1. Calculate the remainder when n(1) is divided by s(7).
10
Suppose 0 = 10*k - 61 - 5089. Calculate the remainder when k is divided by 105.
95
Suppose -198 = -3*d + r, -5*d = -73*r + 77*r - 313. Calculate the remainder when 314 is divided by d.
54
Let c = 59 + -71. Let z(q) = q**3 + 13*q**2 + 5*q - 22. Suppose -7*h = 23*h - 390. What is the remainder when z(c) is divided by h?
10
Let b(i) = -44*i - 1564. Calculate the remainder when 307 is divided by b(-37).
51
Suppose -153 = -9*z + 6*z. Let f = z + -53. Calculate the remainder when (150/(-9))/(f/12) is divided by 26.
22
Suppose -5*q = 4*y - 5901 + 1683, 3*y + 2547 = 3*q. What is the remainder when q is divided by 237?
135
Suppose 8*x = 85*x - x - 1444. Calculate the remainder when 2277 is divided by x.
16
Suppose -d = 32 + 322. Let k = -351 - d. What is the remainder when 11 - (-1 - 2/2) is divided by k?
1
Let s = 16 - 34. Let l(m) = -3*m - 18. Let c(p) = 70*p**3 - p + 2. Calculate the remainder when c(1) is divided by l(s).
35
Let c(p) = -6*p**2 + 2*p + 2. Let a be c(-2). Let t = -3 - a. Calculate the remainder when t is divided by (-1854)/4050*-15 + 16/120.
2
Suppose -2*d + 23196 = -4*a, 166*d - a - 34764 = 163*d. What is the remainder when d is divided by 61?
57
Suppose 286*b - 272*b - 112 = 0. Calculate the remainder when 1566 is divided by b.
6
Let c(z) = -z**3 - 13*z + 0*z**2 - 14 - 16*z**2 - 17. Calculate the remainder when c(-16) is divided by 23.
16
Let d(k) = k + 121. Suppose -2*w + 8 = 2*w + 3*x, -4*w + 5*x + 40 = 0. Suppose -183 - 22 = -w*b. What is the remainder when d(0) is divided by b?
39
Let b = -1678 - -1983. Calculate the remainder when 988 is divided by b.
73
Suppose 0 = o - 2*d - 31, -4*o - 14*d + 128 = -18*d. Calculate the remainder when 216 is divided by o.
18
Suppose -58 = 4*x - 238. Let h = -13 + 13. Suppose 5*f + 18 - 58 = h. Calculate the remainder when x is divided by f.
5
Let t be 6 + 25/(-5) + 1. Suppose -4*q - 2*a + 219 = -3*a, t*a + 163 = 3*q. Calculate the remainder when q is divided by 19.
17
Suppose -3*m = -0*m - 231. Suppose 261 = 22*n - 13*n. Suppose -10*r + 6*r = -5*i + 68, -r = -2*i + n. Calculate the remainder when m is divided by i.
13
Let n be (-2)/5 + 846/90. Let a = 22 + 49. Calculate the remainder when a is divided by -3 - 40/(-12) - (-132)/n.
11
Calculate the remainder when 30 is divided by 5/(-20) + 122*(-8)/(-64).
0
Let p be (-12 - -42)*8/(-20). Let f(b) = -b**3 - 15*b**2 - 32*b + 53. What is the remainder when 133 is divided by f(p)?
3
Calculate the remainder when 501 is divided by 8/(-6)*((-13851)/12)/27.
45
Let n(i) = 3*i + 9*i - 10*i - 54. Calculate the remainder when 48 is divided by n(36).
12
Suppose -2213*g = -h - 2215*g + 15, -3*g = h - 15. Let d(z) = 5*z**3 - 5*z**2 + 4*z - 3. Calculate the remainder when d(4) is divided by h.
13
Suppose -4*d = -d - 9. Suppose 43 = 2*b + d. Calculate the remainder when 105/(-60) + 2/(-8) - -60 is divided by b.
18
Let x be (-1)/((-3)/(-141) - 0). Let l be (58/(-16) - -4) + (-8505)/280. Let q = l - x. What is the remainder when 43 is divided by q?
9
Suppose 4*t = -2*l + 12, -2*l - t = -14 - 4. Let k = 236 + -204. Calculate the remainder when k is divided by l.
2
Let s = 1 + 0. Let n be (-8 - 416/(-56))/(4/(-14)). Suppose -n*f + 13 = s. What is the remainder when 15 is divided by f?
3
Let b(y) = -97*y - 1192. What is the remainder when b(-17) is divided by 162?
133
Let i(r) = r**2 - 3*r - 2. Let o be i(3). Calculate the remainder when (0 - -121) + (-1 - o) is divided by (35/28*-1)/(((-28)/80)/7).
22
Suppose 0 = x + 32 + 34. Let h = 68 + x. Suppose c = 4*d - 15, -h*c = d - c - 5. What is the remainder when 27 is divided by d?
3
Suppose 0 = -4*c - 20, 0*c - 261 = -4*p + 5*c. Suppose 8*o + p = -229. Let r = -12 - o. Calculate the remainder when r is divided by 5.
4
Suppose 14*v - 10*v - 240 = -5*q, -v - 5*q = -60. Suppose -2*i + 16 = 5*z - 92, -i - z = -v. What is the remainder when 127 is divided by i?
63
Let p(q) = q**3 - 8*q**2 + 13*q - 12. Let y be p